0297750?
0
What is the hundred thousands digit of 63525905?
5
What is the millions digit of 1491937598?
1
What is the ten millions digit of 142122368?
4
What is the ten thousands digit of 8599278?
9
What is the tens digit of 3535775404?
0
What is the hundreds digit of 357437579?
5
What is the thousands digit of 27432756?
2
What is the ten millions digit of 1504156812?
0
What is the hundreds digit of 3958874975?
9
What is the thousands digit of 329678841?
8
What is the units digit of 133914301?
1
What is the tens digit of 8334542?
4
What is the hundred thousands digit of 1634001871?
0
What is the hundred thousands digit of 26962058?
9
What is the units digit of 145101590?
0
What is the ten thousands digit of 6456608?
5
What is the hundred millions digit of 2287083164?
2
What is the hundred thousands digit of 6635416?
6
What is the thousands digit of 1043288371?
8
What is the hundred millions digit of 1527118081?
5
What is the millions digit of 159185507?
9
What is the tens digit of 6984187078?
7
What is the thousands digit of 207098428?
8
What is the tens digit of 1457330664?
6
What is the hundred thousands digit of 59006777?
0
What is the hundred thousands digit of 262635418?
6
What is the hundreds digit of 1132120859?
8
What is the thousands digit of 2835864418?
4
What is the hundred millions digit of 475533536?
4
What is the hundreds digit of 20243314?
3
What is the units digit of 376091155?
5
What is the ten millions digit of 111321572?
1
What is the millions digit of 397084111?
7
What is the ten thousands digit of 3324994491?
9
What is the tens digit of 280634214?
1
What is the hundred millions digit of 1453070822?
4
What is the hundreds digit of 11913392?
3
What is the ten millions digit of 847574203?
4
What is the hundred thousands digit of 647958122?
9
What is the hundreds digit of 2643330411?
4
What is the hundred millions digit of 856503878?
8
What is the hundreds digit of 19806134?
1
What is the thousands digit of 24578979?
8
What is the ten millions digit of 69041545?
6
What is the ten thousands digit of 54107759?
0
What is the ten thousands digit of 84512717?
1
What is the units digit of 29068173?
3
What is the hundreds digit of 3406001226?
2
What is the tens digit of 120219536?
3
What is the hundred millions digit of 447672477?
4
What is the millions digit of 44513382?
4
What is the hundreds digit of 71095597?
5
What is the hundred thousands digit of 127057902?
0
What is the tens digit of 187605464?
6
What is the tens digit of 68263761?
6
What is the hundred millions digit of 751850448?
7
What is the thousands digit of 106066728?
6
What is the tens digit of 1449227902?
0
What is the ten millions digit of 19631939?
1
What is the tens digit of 4037369400?
0
What is the tens digit of 11370269?
6
What is the units digit of 8364985441?
1
What is the hundreds digit of 240591537?
5
What is the billions digit of 1098293243?
1
What is the millions digit of 9614550?
9
What is the ten thousands digit of 45580987?
8
What is the tens digit of 230026374?
7
What is the millions digit of 3575151460?
5
What is the hundreds digit of 1718372864?
8
What is the tens digit of 132825940?
4
What is the thousands digit of 1998676616?
6
What is the millions digit of 242768073?
2
What is the hundred millions digit of 196602029?
1
What is the tens digit of 23044513?
1
What is the ten thousands digit of 1478842382?
4
What is the tens digit of 68366897?
9
What is the units digit of 73572417?
7
What is the millions digit of 16317782?
6
What is the thousands digit of 502097921?
7
What is the units digit of 104265212?
2
What is the hundred thousands digit of 31693923?
6
What is the ten thousands digit of 126002701?
0
What is the hundreds digit of 76456864?
8
What is the ten thousands digit of 2774175811?
7
What is the millions digit of 133380134?
3
What is the thousands digit of 374266308?
6
What is the hundreds digit of 779825429?
4
What is the units digit of 832038847?
7
What is the ten thousands digit of 56231402?
3
What is the ten millions digit of 45866235?
4
What is the thousands digit of 305172965?
2
What is the tens digit of 64913419?
1
What is the units digit of 21156475?
5
What is the units digit of 125654153?
3
What is the units digit of 160161716?
6
What is the hundreds digit of 749140503?
5
What is the units digit of 254495544?
4
What is the ten millions digit of 66743286?
6
What is the units digit of 285225131?
1
What is the billions digit of 1429337296?
1
What is the hundred millions digit of 865331995?
8
What is the thousands digit of 48795063?
5
What is the hundred thousands digit of 77377826?
3
What is the hundreds digit of 69827398?
3
What is the hundred thousands digit of 40185061?
1
What is the tens digit of 219724470?
7
What is the ten thousands digit of 181110442?
1
What is the billions digit of 2286876891?
2
What is the hundred thousands digit of 135252003?
2
What is the thousands digit of 317576951?
6
What is the hundreds digit of 145191688?
6
What is the units digit of 27899677?
7
What is the units digit of 937628064?
4
What is the tens digit of 718788716?
1
What is the hundred thousands digit of 5269641?
2
What is the units digit of 422092262?
2
What is the hundreds digit of 21842277?
2
What is the units digit of 647497411?
1
What is the millions digit of 887218482?
7
What is the hundreds digit of 5441643?
6
What is the ten millions digit of 298942801?
9
What is the tens digit of 33545999?
9
What is the hundreds digit of 50658419?
4
What is the ten thousands digit of 125108430?
0
What is the ten thousands digit of 53315770?
1
What is the millions digit of 936836129?
6
What is the hundreds digit of 709121445?
4
What is the hundred thousands digit of 71281764?
2
What is the hundreds digit of 579314007?
0
What is the ten millions digit of 127819699?
2
What is the hundred millions digit of 3146349363?
1
What is the ten thousands digit of 18567576?
6
What is the millions digit of 64029859?
4
What is the thousands digit of 569053696?
3
What is the thousands digit of 512255472?
5
What is the hundred thousands digit of 32837245?
8
What is the thousands digit of 822231452?
1
What is the thousands digit of 19143521?
3
What is the hundred thousands digit of 38079359?
0
What is the units digit of 35597615?
5
What is the millions digit of 90012856?
0
What is the thousands digit of 25052191?
2
What is the tens digit of 109706996?
9
What is the units digit of 1584136634?
4
What is the units digit of 35888649?
9
What is the ten millions digit of 611311733?
1
What is the units digit of 1534937459?
9
What is the ten millions digit of 870676685?
7
What is the ten thousands digit of 97186349?
8
What is the hundred thousands digit of 636389467?
3
What is the millions digit of 1721703830?
1
What is the tens digit of 286647259?
5
What is the millions digit of 24977345?
4
What is the thousands digit of 596795332?
5
What is the hundreds digit of 41500742?
7
What is the ten thousands digit of 384726102?
2
What is the hundreds digit of 481252737?
7
What is the ten millions digit of 56140628?
5
What is the thousands digit of 25062073?
2
What is the thousands digit of 189367856?
7
What is the hundred millions digit of 181060547?
1
What is the hundred thousands digit of 290482979?
4
What is the tens digit of 1623293?
9
What is the thousands digit of 1155633127?
3
What is the thousands digit of 3777532283?
2
What is the hundred thousands digit of 3823063899?
0
What is the units digit of 1102023424?
4
What is the units digit of 34775637?
7
What is the millions digit of 148487125?
8
What is the hundreds digit of 38668986?
9
What is the units digit of 1665541060?
0
What is the ten millions digit of 2355637325?
5
What is the millions digit of 120958355?
0
What is the ten millions digit of 258414191?
5
What is the thousands digit of 308762271?
2
What is the units digit of 71707380?
0
What is the tens digit of 2663398040?
4
What is the ten millions digit of 88987715?
8
What is the millions digit of 200503648?
0
What is the ten thousands digit of 18998798?
9
What is the thousands digit of 1626923990?
3
What is the tens digit of 241328281?
8
What is the hundred thousands digit of 42702624?
7
What is the millions digit of 91615432?
1
What is the units digit of 338886378?